1)/5). Let x be 1 - (-8)/(-4) - y. Suppose b - 6*b + 50 = 5*m, -x*m + 5*b + 34 = 0. What are the prime factors of m?
2, 3
Let f = 393 - -101. List the prime factors of f.
2, 13, 19
Suppose 2623 = 7*t - 65. What are the prime factors of t?
2, 3
Let q(a) be the first derivative of a**2/2 + 8*a + 7. List the prime factors of q(8).
2
Let l(p) = 70*p - 41. What are the prime factors of l(4)?
239
Let f(m) = -4*m**3 - 23*m**2 + 10*m + 24. What are the prime factors of f(-9)?
3, 7, 47
Let q(v) be the first derivative of 2/3*v**3 + 8 + 9*v - 6*v**2. List the prime factors of q(8).
41
Suppose 0 = -17*k + 107363 - 29435. What are the prime factors of k?
2, 3, 191
Let x(i) = 2*i - 15. Let l be x(-6). Let f = l - -40. List the prime factors of f.
13
Suppose 16 = 3*m - 59. Suppose -4*c - q = -109, c - 7*q - m = -5*q. List the prime factors of c.
3
Suppose -4*g + 416 = 2*s, 5*s + 0*g - 1029 = g. List the prime factors of s.
2, 103
Suppose -1053*z = -1057*z + 8256. List the prime factors of z.
2, 3, 43
Let v = 7096 + -4962. What are the prime factors of v?
2, 11, 97
Suppose 3*j - 19 = -34. Let q(z) = -45*z + 24. What are the prime factors of q(j)?
3, 83
Let g(z) = 1. Let j(i) = -3*i + 8. Let p(x) = -36*g(x) + 4*j(x). What are the prime factors of p(-2)?
2, 5
Let z(h) = h**2 + h. Let v be z(-3). Let x = 4 - v. Let b(d) = -10*d**3 - 4*d**2 - d + 3. What are the prime factors of b(x)?
3, 23
Suppose 0 = -4*s - 16, -2*l - 6*s = -11*s - 670. What are the prime factors of l?
5, 13
Let m(k) = k**3 - 9*k**2 + 10*k + 8. Let p be m(10). Suppose -8*r - p = -2072. What are the prime factors of r?
233
Let i = -5 - -17. Let b be 118/6 + (-8)/i. Let s = -10 + b. List the prime factors of s.
3
Let c be (1 - 1 - -2)*(-201)/6. Let s = c + 99. What are the prime factors of s?
2
Suppose 3*o + 42 = 4*o. Suppose 2*p = -n - o, n - 100 = 4*p - n. What are the prime factors of (p/4)/(5/(-20))?
23
Suppose 7 = 4*w - 5. Suppose -5*l + 725 = w*g, -4 + 7 = 3*l. What are the prime factors of g?
2, 3, 5
Suppose 5*l - 11 = -2*h, -h = -6*l + 2*l + 14. List the prime factors of ((-784)/(-24))/(h/(-6)).
2, 7
Let g be 3/5 - 2174/(-10). Let h = g + -30. Let x = h - 112. List the prime factors of x.
2, 19
Let y(s) = -2*s + 13 + 0*s + 3*s + 0*s. Let g be y(-12). List the prime factors of ((-36)/(-42))/(g/14).
2, 3
Suppose -2*q - 5*f + 5 = 0, 0*f + 22 = 5*q + 3*f. Suppose -50 = -3*z + 5*v + 138, 0 = -q*z - 5*v + 380. What are the prime factors of z?
71
Suppose 75 - 763 = -2*g. List the prime factors of g.
2, 43
Let c(w) = 28*w + 14. Let g be (0 + 0 - 12/(-9))*3. List the prime factors of c(g).
2, 3, 7
Suppose -5*l + 0*u = u + 258, 3*l - 2*u = -160. Let t be (3/(-3) + 0)*1*33. Let w = t - l. List the prime factors of w.
19
Suppose -4*r = 3*f - 1583, -2*r - 1782 = -5*f + 839. What are the prime factors of f?
3, 5, 7
Let r = 222 + -116. List the prime factors of r.
2, 53
Suppose -60270 = -77*y + 25277. List the prime factors of y.
11, 101
Let w(u) = -4*u + 3. Let p(f) = -20*f + 14. Let s(z) = 3*p(z) - 16*w(z). What are the prime factors of s(13)?
2, 23
Suppose -5*r = 24*r - 19053. List the prime factors of r.
3, 73
Suppose -4189 = -6*n + 581. What are the prime factors of n?
3, 5, 53
Suppose 8*f - 10339 = 10781. List the prime factors of f.
2, 3, 5, 11
Let t(y) = 2*y - 3. Let z be t(4). Suppose 0 = -4*l - 4*l + 8. Suppose -l = h - a, z = -0*h - h + 2*a. What are the prime factors of h?
3
Suppose q + 2*q - 21 = 0. Let m(d) = 6*d - 5. List the prime factors of m(q).
37
Let a(b) = -103*b - 56. What are the prime factors of a(-7)?
5, 7, 19
What are the prime factors of 178279/289 + (-2)/(-17)?
617
Let c be (0/(-1) - 10) + -1. Let q = c - -7. List the prime factors of (2 + 39/(-12))*q.
5
Suppose 2*l + 4*m - 6976 = 0, 20*m + 10464 = 3*l + 16*m. List the prime factors of l.
2, 109
Let g(r) = r**2 - 10*r + 10. Let t be g(8). List the prime factors of (4/t)/(8/(-612)).
3, 17
Let h(d) = -14*d**3 + 20*d**2 + 3*d + 261. Let a(q) = 5*q**3 - 7*q**2 - q - 87. Let o(n) = 17*a(n) + 6*h(n). What are the prime factors of o(0)?
3, 29
Let z(y) = y - 10. Let o = 18 - 6. Let w be z(o). Suppose -6*r + w*r = -44. What are the prime factors of r?
11
Suppose 71*y = 58*y + 43355. What are the prime factors of y?
5, 23, 29
Let u be (10/(-15))/((2/(-477))/1). List the prime factors of -5 - u/(-33) - (-1632)/22.
2, 37
Let z(v) = -v**3 + 3. Let j be z(0). Suppose 4*a - 4 = -j*w, -w + a - 5 = -4*a. Suppose 0*r + r - 25 = w. List the prime factors of r.
5
Let w(r) = 3*r - 24. Let q(b) = 8*b - 71. Suppose 5*t = -6*s + 2*s - 26, -8 = 4*t. Let g(y) = s*q(y) + 11*w(y). What are the prime factors of g(-11)?
3
What are the prime factors of (180/(-150))/((-3594)/3590 + 1)?
3, 359
Let r(a) = 31*a**2 - 6*a + 67. What are the prime factors of r(6)?
31, 37
Let l be (157/2)/((-10)/(-4) + -3). Let r = l - -359. What are the prime factors of r?
2, 101
List the prime factors of 3/(-9 + 15) + (-1934)/(-4).
2, 11
Let l = 164 + 272. What are the prime factors of l?
2, 109
Let v(w) be the third derivative of 13*w**5/60 + w**4/6 + w**3/2 + 7*w**2. What are the prime factors of v(-2)?
47
Let c(y) = -5*y**3 - y**2 - 2*y - 2. Let i be c(-1). Let p be (-246)/21 + i/(-14). Let q = p + 18. List the prime factors of q.
2, 3
Let b = -14 - -2. Let s be (-15)/b*2*2. Suppose -92 = -s*m - c, -2*c = -3*m + 36 + 14. List the prime factors of m.
2, 3
Suppose -525 = -14*r + 2975. What are the prime factors of r?
2, 5
Suppose 0 = -3*j - 195 + 498. Suppose 123 = 4*d - j. Let o = 109 - d. What are the prime factors of o?
53
Suppose 0 = -4*d + 5 + 3. Let l(v) = 25*v + 1. List the prime factors of l(d).
3, 17
List the prime factors of 546 - ((-40)/(-10) + 6).
2, 67
List the prime factors of -2 - (-2484)/((-54)/(-6)).
2, 137
Let r(t) = t**3 + 5*t**2 - t + 4. Let g be r(-5). Suppose 8*k - g*k = -13. What are the prime factors of k?
13
Let w = 60 + -87. Let i = w + 49. What are the prime factors of i?
2, 11
Let o(v) = 32*v**2 - 18*v - 180. List the prime factors of o(-6).
2, 3, 5
Suppose -2*c - 3 + 7 = 0. Suppose -n = -5*h + 53, 32 = 2*h - 2*n - c*n. Suppose -14*l + 96 = -h*l. What are the prime factors of l?
2, 3
List the prime factors of 2179/7 + (-4)/14 - -1.
2, 3, 13
Suppose -2*w = 2*s - 5*w - 7, -3*s + 3*w = -9. Suppose 2*c = -s - 16. Let n(f) = f**2 + 10*f + 11. List the prime factors of n(c).
2
Suppose -4*a + 20 = 0, -3*z - 8*a + 5*a + 3219 = 0. List the prime factors of z.
2, 3, 89
Let d = 1522 + -613. List the prime factors of d.
3, 101
Let j(p) be the second derivative of p**5/40 - 7*p**4/6 - 2*p**3/3 + 9*p. Let w(u) be the second derivative of j(u). List the prime factors of w(15).
17
Let p(w) = -w**3 + 11*w**2 - 11*w + 11. Let v be p(10). Let k be (3 + 2/2)*v. Suppose -5*n + k*a = -150, 5*n - 2*a + a = 150. List the prime factors of n.
2, 3, 5
Let j(b) = b**3 + 5*b + 2. Let v be j(-2). Let r = v + 19. List the prime factors of r.
3
Suppose -3*m = -2*o + 6115, 18*m - 13*m + 12231 = 4*o. List the prime factors of o.
7, 19, 23
What are the prime factors of (-4880)/(-15)*(0 + (-27)/(-12))?
2, 3, 61
Let r be (15/(-6))/(-5)*4. What are the prime factors of (2 - -2 - r) + 4?
2, 3
What are the prime factors of (-39)/104 + 4267/8?
13, 41
Let k(x) = -x**2 - x + 72. Let i be k(0). Suppose 0*t - 4*t - i = 0. Let f = t - -52. List the prime factors of f.
2, 17
Suppose -18*t + 80 = -2*t. Suppose -764 - 371 = -t*d. List the prime factors of d.
227
Suppose -3*y + 3*n - 13 - 50 = 0, 2*y + 4*n = -18. Let g = -52 + 89. Let q = y + g. List the prime factors of q.
2, 5
Let c(n) = -5*n - 40. Let z be c(-8). Suppose z = -3*y + 49 + 38. List the prime factors of y.
29
Suppose -2*f = 2, -4*m - 36 = -m - 3*f. List the prime factors of (0 + -2)/(4/m)*2.
13
Let n(b) = b**2 - 12*b + 6. Let d be n(11). Let s(m) = -12*m. Let r(i) = -i**2 + i. Let c(w) = d*r(w) - s(w). List the prime factors of c(-4).
2, 13
Let s(y) be the second derivative of 0 - 7/6*y**3 - 3/2*y**2 - 3*y - 1/12*y**4. List the prime factors of s(-5).
7
Suppose 5*x = -16*x - 189. List the prime factors of (-28)/6*(x - -6).
2, 7
Let b be (-126)/(-24) - 2/8. Suppose 75 - 850 = -b*h. What are the prime factors of h?
5, 31
Let w = 3011 - 442. List the prime factors of w.
7, 367
Let i be 1 - (-3 + (-1 - 77)). Let t(h) = 3*h**2 + 9*h